x + 22. Give g(12).
10
Let w(v) = v**3 + 7*v**2 + 9*v - 3. Determine w(-4).
9
Let s(j) = 3*j**3 + 2*j**2 - 5*j - 3. Calculate s(-3).
-51
Let g(r) = r**2 - 18*r + 11. Calculate g(17).
-6
Let b(d) = d**3 - 8*d**2 - 3*d - 9. What is b(9)?
45
Let t(n) = -2*n - 1. What is t(-11)?
21
Let a(l) = -4*l - 1. Give a(-6).
23
Let v(s) = s**3 + 3*s**2 - s + 8. What is v(-4)?
-4
Let g(v) = v**2 + 18*v + 68. Determine g(-15).
23
Let p(c) = -3*c**2 - c - 2. Give p(-1).
-4
Let a(x) = -x**3 + 10*x**2 + 8*x + 35. Determine a(11).
2
Let a(t) = 19*t + 19. Determine a(4).
95
Let l(w) = 2*w - 15. Determine l(13).
11
Let n(x) = x**3 + 6*x**2 - 3*x + 28. Determine n(-7).
0
Let u(o) = -4*o**3 - o**2 - 2*o + 2. Calculate u(2).
-38
Let b(l) = 21*l**2 + 2*l - 2. Give b(1).
21
Let d(c) = 2*c**2 + 2*c + 1. Determine d(-2).
5
Let j(d) = -9*d**2 - 1. Calculate j(2).
-37
Let f(t) = 68*t - 61. What is f(1)?
7
Let a(w) = -4*w**2 - w. Calculate a(-1).
-3
Let q(p) = 2*p**2 - 9*p. What is q(-7)?
161
Let g(d) = -77*d**3 + 3*d**2 + 4*d + 2. What is g(-1)?
78
Let w(t) = -t - 2. Give w(7).
-9
Let k(q) = -q**3 + 16*q**2 - 14*q - 21. Calculate k(15).
-6
Let y(l) = -l**3 - 8*l**2 - 4*l - 37. Determine y(-8).
-5
Let i(l) = -47*l - 5. Give i(0).
-5
Let m(h) = 6*h**3 - h**2 + 2*h + 3. Calculate m(-1).
-6
Let h(b) = -b + 8. Calculate h(6).
2
Let o(y) = y**2 - 12*y + 11. Determine o(8).
-21
Let o(z) = -2*z**2 - 5*z + 3. Calculate o(-7).
-60
Let j(d) = 2*d**2 + 56*d + 4. Determine j(-28).
4
Let u(k) = -k + 14. What is u(14)?
0
Let t(g) = -4*g + 5. Determine t(-1).
9
Let i(f) = -5*f - 13. Give i(-7).
22
Let u(l) = -l**3 - 5*l**2 + l + 5. Calculate u(-5).
0
Let v(g) = -g**3 + g**2 + 7*g + 1. Give v(3).
4
Let d(k) = 18*k - 43. Give d(3).
11
Let w(r) = -r**3 - 6*r**2 - 6*r + 7. Give w(-4).
-1
Let m(o) = -o**2 + 18*o - 46. Give m(15).
-1
Let r(g) = 3*g + 38. Determine r(-23).
-31
Let v(l) = -3*l**2 - l + 20. Determine v(-7).
-120
Let v(y) = -16*y + 25. Calculate v(2).
-7
Let c(p) = 8*p**3 + p**2 + 2*p + 2. What is c(-2)?
-62
Let n(s) = s**3 - 6*s**2 + 7. Give n(6).
7
Let j(p) = -7*p - 29. Determine j(-2).
-15
Let p(r) = r**3 - 4*r**2 + r + 3. Give p(4).
7
Let k(t) = -t**3 + 18*t**2 - 21*t + 86. What is k(17)?
18
Let p(v) = v**3 - 5*v**2 - 3*v + 5. Determine p(4).
-23
Let g(l) = 2*l + 8. Calculate g(-6).
-4
Let i(m) = -m**2 + 5*m - 12. Give i(4).
-8
Let x(u) = -u**3 - 5*u**2 - 2*u + 5. What is x(-4)?
-3
Let i(x) = -2*x**2 + 4*x. What is i(5)?
-30
Let j(h) = h**2 + 12*h + 25. Calculate j(-7).
-10
Let d(r) = r**3 - 6*r + 5. Give d(3).
14
Let k(t) = 22*t - 798. What is k(36)?
-6
Let a(n) = -n**2 - 9*n - 16. Give a(-2).
-2
Let r(z) = -2*z**3 + 45*z**2 + 21*z + 51. Determine r(23).
5
Let i(o) = -o - 40. Determine i(9).
-49
Let n(o) = -2*o**2 + 15*o - 28. What is n(8)?
-36
Let u(t) = 4*t - 21. Calculate u(2).
-13
Let z(o) = -3*o**2 + 10*o + 20. What is z(10)?
-180
Let p(z) = z - 7. Calculate p(10).
3
Let i(f) = f**2 - 9*f - 60. Calculate i(13).
-8
Let r(y) = 19*y. Calculate r(-1).
-19
Let o(q) = q - 18. Determine o(24).
6
Let v(y) = -3*y**2 + 4*y - 3. Calculate v(3).
-18
Let z(g) = 2*g + 35. What is z(-13)?
9
Let k(f) = f**3 - 6*f**2 + 4*f + 12. What is k(6)?
36
Let r(m) = -m**3 + 14*m**2 - 16*m + 233. Determine r(14).
9
Let j(m) = m**3 - 8*m**2 - 6*m - 10. Calculate j(9).
17
Let f(b) = 20*b - 80. Determine f(3).
-20
Let b(r) = -9*r**2 - 2*r - 1. Give b(-1).
-8
Let w(t) = -t**2 - 8*t - 35. What is w(-9)?
-44
Let w(f) = -f**2 - f - 6. What is w(-3)?
-12
Let a(k) = -12*k - 18. Determine a(-4).
30
Let v(o) = -o**2 + 7*o - 3. What is v(4)?
9
Let y(z) = 25*z**2 - 8*z + 6. What is y(1)?
23
Let c(g) = 2*g**3 + 2*g**2 - g + 2. Determine c(0).
2
Let n(l) = -2*l**2 + 7*l - 4. Determine n(4).
-8
Let b(y) = y**2 - 21*y + 27. Calculate b(20).
7
Let y(j) = -2*j - 21. Determine y(1).
-23
Let o(w) = 3*w + 42. Give o(-22).
-24
Let h(c) = -c**2 - 33*c - 121. Calculate h(-4).
-5
Let b(r) = 2*r + 66. What is b(-37)?
-8
Let h(r) = 21*r - 16. Determine h(3).
47
Let h(u) = u**3 - 16*u**2 - 5*u + 54. What is h(16)?
-26
Let l(y) = -3*y - 7. Determine l(-6).
11
Let s(d) = d**2 + 2*d + 9. Calculate s(-5).
24
Let s(l) = -l**2 - 11*l - 1. What is s(-8)?
23
Let s(f) = f**3 + f**2 - f - 4. Give s(0).
-4
Let t(v) = -v**3 + 2*v**2 + 3*v - 10. What is t(3)?
-10
Let k(l) = -7*l**2 + 36*l + 6. Calculate k(6).
-30
Let t(y) = -y + 30. Give t(-19).
49
Let z(m) = -13*m**2 + 39*m + 4. Give z(3).
4
Let r(x) = 26*x + 5. Calculate r(-5).
-125
Let z(m) = -m**3 - 5*m**2 + 10*m + 29. What is z(-6)?
5
Let p(a) = a**2 + 14*a + 2. Determine p(-11).
-31
Let n(g) = -g**2 - 23*g - 25. Give n(-19).
51
Let v(o) = -o**2 + 21*o - 9. What is v(22)?
-31
Let t(n) = -n - 1. Give t(1).
-2
Let w(o) = -o**2 - 35*o - 37. Determine w(-34).
-3
Let b(n) = n**2 + 10*n + 5. Calculate b(-7).
-16
Let n(h) = -h**3 + 18*h**2 - 4*h + 18. Determine n(18).
-54
Let d(s) = s**2 - 25*s + 46. Give d(2).
0
Let j(s) = s**2 - 43*s + 89. What is j(2)?
7
Let y(d) = 7*d**3 - 4*d**2 - 4*d - 3. Determine y(-2).
-67
Let l(q) = -q**2 + 27*q + 321. Determine l(-9).
-3
Let l(h) = h**2 + 3*h + 1. Calculate l(-2).
-1
Let i(x) = 3*x**3 + 11*x**2 - 20*x + 2. Calculate i(-5).
2
Let d(f) = -f - 4. Calculate d(0).
-4
Let r(w) = w**2 + 6*w + 9. Determine r(-4).
1
Let o(l) = 2*l + 37. Calculate o(-15).
7
Let d(l) = -l**2 - 13*l + 9. Calculate d(-8).
49
Let z(a) = -8*a - 2. Determine z(-2).
14
Let i(q) = 3*q**2 + q + 2. Determine i(2).
16
Let t(o) = -27*o - 1. What is t(-1)?
26
Let m(j) = -j**3 - 10*j**2 - 9*j - 4. Give m(-9).
-4
Let l(s) = 2*s**2 - s + 2. Determine l(2).
8
Let y(k) = -2*k**3 - 9*k**2 + 6*k + 18. Determine y(-5).
13
Let d(h) = -4*h - 10. Give d(-9).
26
Let r(n) = -n**3 - 9*n**2 - 8. Give r(-9).
-8
Let c(g) = -2*g - 3. What is c(1)?
-5
Let k(y) = 3*y - 20. Calculate k(6).
-2
Let i(n) = 4*n**2 + 4*n + 8. Give i(-3).
32
Let s(p) = p**2 + 9*p + 4. Determine s(-9).
4
Let c(k) = 8*k + 11. Give c(-1).
3
Let q(x) = x**3 - 2*x**2 - 2*x + 4. Calculate q(3).
7
Let t(a) = -2*a**2 - 3*a - 3. Calculate t(-3).
-12
Let q(m) = -9*m**3 + m**2 + 3*m + 2. Calculate q(-2).
72
Let p(q) = 9*q + 12. Give p(-2).
-6
Let a(q) = q**2 - 5*q + 2. Give a(1).
-2
Let t(y) = 5*y**2 + 9*y + 1. What is t(-2)?
3
Let q(f) = -f**3 + 8*f**2 - 5*f. What is q(7)?
14
Let i(b) = 2*b + 1. Calculate i(3).
7
Let m(o) = o**2 - 7*o - 16. What is m(9)?
2
Let c(g) = 2*g**2 + 5*g - 1. What is c(-3)?
2
Let o(l) = l**3 - 12*l**2 + 19*l + 9. What is o(10)?
-1
Let z(k) = 12*k - 18. What is z(-2)?
-42
Let g(q) = -q + 8. Give g(0).
8
Let w(b) = b**2 + 5*b + 8. Calculate w(-6).
14
Let f(q) = q**2 + 11*q + 15. Give f(-10).
5
Let g(q) = -q**3 + 5*q**2 + 3*q - 1. Give g(4).
27
Let y(n) = 16*n**2 + 1. Give y(-2).
65
Let r(t) = t**2 + 22*t + 2. What is r(-22)?
2
Let s(i) = 6*i**3 + 2*i**2 - 23*i - 24. What is s(-1)?
-5
Let m(p) = p**3 - p**2 - 4*p - 2. Give m(-1).
0
Let k(x) = x**2 + 13*x + 18. Give k(-13).
18
Let f(z) = -z**3 + 31*z**2 - 3*z + 48. Give f(31).
-45
Let j(q) = 2*q**2 - 3*q + 12. Determine j(3).
21
Let y(x) = -24*x**3. Calculate y(-1).
24
Let i(o) = o**2 - 13*o - 26. Give i(15).
4
Let k(d) = -28*d**2 + 122*d - 8. What is k(4)?
32
Let d(i) = i**2 + 18*i + 65. What is d(-5)?
0
Let h(x) = -23*x**3 + 2*x**2 - 2*x + 1. What is h(1)?
-22
Let q(g) = -g + 2. Calculate q(8).
-6
Let m(u) = 4*u**2 - 2*u - 4. Determine m(3).
26
Let d(o) = -15*o - 14. What is d(-3)?
31
Let n(y) = -9*y + 47. Determine n(5).
2
Let q(c) = -c**2 + 12*c - 21. What is q(9)?
6
Let t(s) = -s**2 + 10*s + 14. Give t(11).
3
Let d(x) = x**2 + x - 92. Calculate d(0).
-92
Let y(w) = 2*w**3 - 12*w**2 - 9. Give y(6).
-9
Let d(h) = -2*h**2 - 15. Give d(0).
-15
Let i(r) = 12*r**3 - 2*r - 2. What is i(-1)?
-12
Let y(u) = 2*u**2 - 16*u - 10. Determine y(8).
-10
Let c(l) = -10*l**3 - 4*l**2 - 2*l + 2. Determine c(-1).
10
Let b(f) = f**2 - 2*f + 1. What is b(6)?
25
Let o(g) = g**2 + 6*g + 6. Calculate o(-4).
-2
Let y(c) = 3*c - 27. What is y(7)?
-6
Let d(a) = 2*a**3 + 49*a**2 - 25*a + 16. Determine d(-25).
16
Let d(w) = -35*w - 871. Determine d(-25).
4
Let z(q) = -q**3 - 24*q**2 + 8*q + 191. What is z(-24)?
-1
Let m(l) = -l**2 - 3*l + 1. Determine m(-9).
-53
Let y(h) = -2*h - 1. What is y(-3)?
5
Let b(p) = -p**3 + 11*p**2 - 5*p - 2. What is b(9)?
115
Let a(d) = d**3 + 9*d**2 + 8*d - 4. 